hat is the remainder when 17913 is divided by 506?
203
What is the remainder when 2130 is divided by 126?
114
Calculate the remainder when 1251 is divided by 1110.
141
Calculate the remainder when 110882 is divided by 711.
677
What is the remainder when 223519 is divided by 220?
219
Calculate the remainder when 4286 is divided by 1792.
702
Calculate the remainder when 232356 is divided by 296.
292
Calculate the remainder when 1571 is divided by 522.
5
What is the remainder when 4772 is divided by 676?
40
What is the remainder when 12472 is divided by 2066?
76
Calculate the remainder when 7198 is divided by 1439.
3
What is the remainder when 19723 is divided by 426?
127
Calculate the remainder when 2069158 is divided by 60.
58
What is the remainder when 110212 is divided by 329?
326
What is the remainder when 25680 is divided by 82?
14
What is the remainder when 386424 is divided by 48302?
8
Calculate the remainder when 34004 is divided by 3394.
64
What is the remainder when 748 is divided by 55?
33
What is the remainder when 162711 is divided by 31?
23
Calculate the remainder when 1582 is divided by 255.
52
Calculate the remainder when 242256 is divided by 86.
80
Calculate the remainder when 426037 is divided by 85207.
2
Calculate the remainder when 197676 is divided by 16472.
12
What is the remainder when 274622 is divided by 9?
5
Calculate the remainder when 669 is divided by 656.
13
What is the remainder when 3610 is divided by 179?
30
Calculate the remainder when 9582 is divided by 1367.
13
What is the remainder when 289 is divided by 38?
23
What is the remainder when 131864 is divided by 111?
107
Calculate the remainder when 6579 is divided by 91.
27
Calculate the remainder when 9517 is divided by 2326.
213
Calculate the remainder when 7186 is divided by 3539.
108
Calculate the remainder when 26527 is divided by 1395.
22
Calculate the remainder when 190790 is divided by 69.
5
What is the remainder when 9840 is divided by 55?
50
Calculate the remainder when 78415 is divided by 78388.
27
Calculate the remainder when 30846 is divided by 85.
76
Calculate the remainder when 292 is divided by 152.
140
What is the remainder when 26223 is divided by 1091?
39
What is the remainder when 713898 is divided by 484?
482
Calculate the remainder when 5144 is divided by 730.
34
What is the remainder when 31653 is divided by 24?
21
Calculate the remainder when 119990 is divided by 2105.
5
Calculate the remainder when 2657 is divided by 20.
17
Calculate the remainder when 16208 is divided by 16182.
26
Calculate the remainder when 17980 is divided by 2568.
4
Calculate the remainder when 1338 is divided by 1286.
52
Calculate the remainder when 92809 is divided by 128.
9
Calculate the remainder when 176364 is divided by 738.
720
Calculate the remainder when 752 is divided by 83.
5
What is the remainder when 84270 is divided by 137?
15
What is the remainder when 23253 is divided by 36?
33
Calculate the remainder when 2739 is divided by 2309.
430
Calculate the remainder when 5573 is divided by 108.
65
Calculate the remainder when 55622 is divided by 34.
32
Calculate the remainder when 145624 is divided by 8.
0
Calculate the remainder when 4100872 is divided by 26.
22
What is the remainder when 2916 is divided by 339?
204
Calculate the remainder when 23248 is divided by 216.
136
What is the remainder when 172860 is divided by 52?
12
What is the remainder when 6016 is divided by 313?
69
Calculate the remainder when 61772 is divided by 175.
172
Calculate the remainder when 9660 is divided by 4825.
10
Calculate the remainder when 811857 is divided by 12.
9
Calculate the remainder when 230 is divided by 24.
14
What is the remainder when 66548 is divided by 11?
9
Calculate the remainder when 9980 is divided by 111.
101
Calculate the remainder when 994 is divided by 807.
187
Calculate the remainder when 138160 is divided by 79.
68
What is the remainder when 3732 is divided by 450?
132
What is the remainder when 6357 is divided by 1948?
513
Calculate the remainder when 90460 is divided by 555.
550
Calculate the remainder when 965 is divided by 517.
448
Calculate the remainder when 3552766 is divided by 32.
30
What is the remainder when 31568 is divided by 1170?
1148
What is the remainder when 9212 is divided by 137?
33
Calculate the remainder when 441518 is divided by 90.
68
What is the remainder when 4603 is divided by 1138?
51
Calculate the remainder when 195541 is divided by 1577.
1570
What is the remainder when 22228 is divided by 45?
43
Calculate the remainder when 31620 is divided by 59.
55
What is the remainder when 3306 is divided by 1100?
6
Calculate the remainder when 61025 is divided by 61009.
16
What is the remainder when 5745 is divided by 57?
45
Calculate the remainder when 522028 is divided by 174007.
7
What is the remainder when 2867 is divided by 921?
104
What is the remainder when 493 is divided by 178?
137
Calculate the remainder when 26685 is divided by 6651.
81
What is the remainder when 30269 is divided by 905?
404
What is the remainder when 27954 is divided by 120?
114
Calculate the remainder when 10023 is divided by 14.
13
Calculate the remainder when 2338 is divided by 473.
446
Calculate the remainder when 662 is divided by 576.
86
Calculate the remainder when 11044 is divided by 43.
36
Calculate the remainder when 5327 is divided by 835.
317
Calculate the remainder when 47374 is divided by 47360.
14
Calculate the remainder when 815 is divided by 77.
45
What is the remainder when 10613 is divided by 40?
13
Calculate the remainder when 37897 is divided by 566.
541
Calculate the remainder when 262 is divided by 7.
3
Calculate the remainder when 1688 is divided by 131.
116
What is the remainder when 6124 is divided by 338?
40
Calculate the remainder when 15902 is divided by 346.
332
Calculate the remainder when 3613 is divided by 306.
247
What is the remainder when 276783 is divided by 46116?
87
What is the remainder when 37432 is divided by 151?
135
Calculate the remainder when 14462 is divided by 475.
212
What is the remainder when 21393 is divided by 448?
337
Calculate the remainder when 1233333 is divided by 12.
9
Calculate the remainder when 21161 is divided by 181.
165
Calculate the remainder when 17406 is divided by 135.
126
Calculate the remainder when 13091 is divided by 653.
31
What is the remainder when 21888 is divided by 4329?
243
What is the remainder when 2603 is divided by 4?
3
What is the remainder when 25107 is divided by 9?
6
What is the remainder when 308294 is divided by 178?
176
What is the remainder when 220 is divided by 212?
8
What is the remainder when 24808 is divided by 22?
14
What is the remainder when 84985 is divided by 11?
10
What is the remainder when 994 is divided by 246?
10
What is the remainder when 3665992 is divided by 1094?
1092
What is the remainder when 8458 is divided by 2801?
55
Calculate the remainder when 2553 is divided by 18.
15
Calculate the remainder when 13481 is divided by 4488.
17
Calculate the remainder when 47213 is divided by 9438.
23
What is the remainder when 38634 is divided by 159?
156
Calculate the remainder when 15757 is divided by 1575.
7
Calculate the remainder when 1065 is divided by 954.
111
Calculate the remainder when 268 is divided by 8.
4
What is the remainder when 13710 is divided by 176?
158
Calculate the remainder when 1842 is divided by 1073.
769
Calculate the remainder when 7510 is divided by 11.
8
Calculate the remainder when 115577 is divided by 57778.
21
What is the remainder when 154 is divided by 119?
35
Calculate the remainder when 635596 is divided by 700.
696
Calculate the remainder when 2076 is divided by 319.
162
Calculate the remainder when 3966 is divided by 308.
270
Calculate the remainder when 6210 is divided by 2032.
114
What is the remainder when 16593 is divided by 386?
381
Calculate the remainder when 3148 is divided by 586.
218
What is the remainder when 18672 is divided by 9?
6
Calculate the remainder when 5653 is divided by 1284.
517
Calculate the remainder when 1309 is divided by 421.
46
Calculate the remainder when 2714 is divided by 2696.
18
What is the remainder when 6883 is divided by 287?
282
Calculate the remainder when 18037 is divided by 31